rd derivative of -g**5/60 - 3*g**4/4 + 3*g**3 + 18*g**2. What are the prime factors of x(-16)?
2, 5
Let w = 162 + 80. List the prime factors of w.
2, 11
Suppose 15*m + 23*m = 42712. List the prime factors of m.
2, 281
Let v(u) be the third derivative of -u**6/120 + 47*u**3/6 + 24*u**2 - 1. Suppose 20 = -4*t, 2*g - 15 = 4*g + 3*t. What are the prime factors of v(g)?
47
Let o be (-16)/(-136) - (-49)/17. Suppose -o*z - 108 = -9*z. List the prime factors of z.
2, 3
Let d = 30 - 46. Let k be 42*(d/4)/8. List the prime factors of 1/7 + (-438)/k.
3, 7
Let n be ((-30)/25)/(4/(-70)). Let y = 9 - n. What are the prime factors of (-16)/y*30/4?
2, 5
Suppose g = -3*y + 1787, -2*g + 371 = 4*y - 2011. What are the prime factors of y?
2, 149
Suppose -2*t + 4 = 2*t, -5*t = 5*p - 25. Suppose 0 = -8*l + p*l + 668. List the prime factors of l.
167
Let t(y) = -y**2 + 34*y - 23. What are the prime factors of t(22)?
241
Let k(b) = b**2 - 3*b - 1. Suppose -4 = -4*v + 2*y, -3*v - 4*y + 29 = y. Let w be k(v). List the prime factors of w/(-2)*(-4 + 14).
5
Suppose 1135 = 2*o + 2*a - 1209, 4*o + 2*a - 4684 = 0. List the prime factors of o.
2, 3, 5, 13
Suppose -f = 4*b - 19 - 1, 5*f - 83 = -3*b. List the prime factors of f.
2
What are the prime factors of 6/(((-2)/(-68))/1)?
2, 3, 17
Let k(y) = 4*y**3 - 2*y**2 + 4. Let z be k(3). Let a(n) = 7*n**3 + n**2 + 4*n - 1. Let h be a(2). Let x = z - h. What are the prime factors of x?
3
Let z(j) = -3*j**3 + 6*j**2 + j + 1. Let r be z(2). List the prime factors of (24*9)/r*(-12)/(-9).
2, 3
Let p be (27 - 0)/(((-1)/1)/(-1)). Suppose -28*z = -p*z - 92. List the prime factors of z.
2, 23
Suppose -12 = -x - 5*j + j, -3*x + 64 = -2*j. Suppose -y - 3*y + x = 0. Suppose 0 = y*k - 47 - 28. List the prime factors of k.
3, 5
Let m = -12445 + 17432. What are the prime factors of m?
4987
Suppose -1226 = -2*w - z + 9, -2*w = -3*z - 1247. What are the prime factors of w?
619
Suppose -3*b + 3*o + 672 = 0, 4*b + 10*o - 11*o = 884. What are the prime factors of b?
2, 5, 11
Let h = 31 + -28. Suppose z + q - h*q = 110, -4*z = -3*q - 420. What are the prime factors of z?
2, 3, 17
Suppose 9*u = -30*u + 95394. List the prime factors of u.
2, 1223
Let j = -36 - -23. Let p = j - -17. List the prime factors of p.
2
Let d = 25 + -23. Suppose 0 = d*i + 2*i - 24. Suppose 2*k = i*k - 2*n - 86, -4*k = -5*n - 77. List the prime factors of k.
23
Let i be 3 - (-2 - 72 - -3). Let z = 41 - i. Let t = z + 63. What are the prime factors of t?
2, 3, 5
Let c be 9/((-378)/12) + 2522/7. Suppose -c = -2*w - w. List the prime factors of w.
2, 3, 5
Suppose 3*r + 12 - 9 = 0. Let j = 41 - r. List the prime factors of j.
2, 3, 7
Suppose -2*f + 0*f + 8 = 0. Let t(x) = -f + 40*x + 11 - 6. What are the prime factors of t(2)?
3
Suppose -4 = -h + 2*h + 4*o, 4*o + 4 = -5*h. Suppose 0 = -2*y - 5*n + 371, -4*n - 4 + 0 = h. List the prime factors of y/(-6)*(-3)/2.
47
Let y be (-20)/2 - (4 - 4). Let a be (-4)/5*y/4. Suppose 5*h + 66 = 2*k, -2*k - 4*h = a*k - 104. List the prime factors of k.
2, 7
Let w be -8*6/((-36)/15). What are the prime factors of 450/w + 1/2?
23
Let q be (0 + 0 + 32)*(-12 + 17). What are the prime factors of q/9 - (-6)/27?
2, 3
List the prime factors of 1009/3 + -2 + (-4)/(-6).
5, 67
Let m(n) = -n + 20. Let i be m(15). List the prime factors of (18/i)/(-4*(-3)/60).
2, 3
Let j(u) = 8*u + 1. Suppose -2*g - 5*a + 70 + 13 = 0, 0 = -5*g + 5*a + 155. Suppose -1 = -5*p + g. List the prime factors of j(p).
3, 19
List the prime factors of 83970/(-315)*7/(-2).
3, 311
Let r = -3223 - -5313. What are the prime factors of r?
2, 5, 11, 19
Suppose 0 = -46*y + 40*y + 11964. List the prime factors of y.
2, 997
Let m be (-4)/(-30) - (-4684)/(-30). Let g = m - -362. List the prime factors of g.
2, 103
Let i = 121 - 193. Let n = i - -156. Let t = n + -52. What are the prime factors of t?
2
Suppose -3*o - 15 = 0, -h - 2*o + 2388 = -4*o. What are the prime factors of h?
2, 29, 41
Let p be (780/5)/4 + -6. Let d = -31 - -12. Let f = p + d. List the prime factors of f.
2, 7
Let q(a) be the first derivative of 3*a**4/2 + a**3/3 + a**2 - 4*a + 8. Let v be q(2). Let p = -30 + v. List the prime factors of p.
2, 11
Let m = 323 - 97. What are the prime factors of m?
2, 113
Let t(q) = -q**2 - 8*q + 2. Let l be ((-8)/24)/(1/15). List the prime factors of t(l).
17
Let o(i) = -2*i + 12*i**2 - i + i**3 - 14 - 2*i**3 - 2*i. List the prime factors of o(11).
2, 13
Let k(p) = -2*p + 24. Suppose 3*r = -l, 8*l - 3*l - 4*r = 0. List the prime factors of k(l).
2, 3
Let w = 18 - 16. Suppose r = 4*s - 816, -4*s + 747 = w*r - 69. What are the prime factors of s?
2, 3, 17
Suppose -q + 2 = 2*w + q, -5*w - 3 = -3*q. Suppose 2*v + v + 129 = w. Let d = v + 61. List the prime factors of d.
2, 3
Let g = 30 - 23. Suppose g*t - 33 = 4*t. What are the prime factors of t?
11
Let l(y) = -y**2 - 15*y - 31. Let u be l(-11). List the prime factors of 91/2*(-11 + u).
7, 13
Let k = 554 + -276. List the prime factors of k.
2, 139
List the prime factors of (8 + (-222)/(-12))*552/3.
2, 23, 53
Let z(o) = 2*o + 1. Let u(y) = 28*y + 20. Let p(b) = u(b) - 16*z(b). What are the prime factors of p(-6)?
2, 7
Let z(s) = 708*s**2 + 1. What are the prime factors of z(-2)?
2833
Suppose 0 = 4*r - 12. Suppose -4*p = -5*v + 421, -r = 3*p - 6. What are the prime factors of v?
5, 17
Let w = 1740 + 611. What are the prime factors of w?
2351
Let z = -31 - -32. Suppose -5*k = -129 - z. List the prime factors of k.
2, 13
Let z(q) = -q**3 + 21*q**2 - 5*q - 9. What are the prime factors of z(11)?
2, 3, 191
Suppose 9 = 2*t - 3. Suppose 3*a - a = t. Let d = a + -1. List the prime factors of d.
2
Let v be ((-2)/(-6))/(4/240). Let j = -20 + v. Suppose 3*x - 13 - 50 = j. List the prime factors of x.
3, 7
Suppose 13*b + 130 = 15*b. What are the prime factors of b?
5, 13
Let w = 16 + 53. What are the prime factors of w?
3, 23
Let x be (1/(-1))/(1/(-7)). Let h(l) = 19*l - x*l - 2 + 6*l. List the prime factors of h(3).
2, 13
Suppose -38*j - 2*p = -39*j + 2994, 0 = j - 4*p - 2984. List the prime factors of j.
2, 751
Let x(j) = 18*j**2 + 8*j - 50. What are the prime factors of x(4)?
2, 3, 5
Let k be ((-7)/21)/(1/(-6)). Suppose 5*f + 365 = 5*b, 2*b + k*f + f = 171. What are the prime factors of b?
2, 3, 13
Let l(q) = -2*q**2 + 18*q - 12. Let j be l(15). What are the prime factors of 110/4*j/(-80)?
2, 3, 11
Let u = -45 + 83. Suppose -2*l - 3*s + u = -76, -l = 3*s - 60. What are the prime factors of l?
2, 3
Let o(u) = -u**2 - 30*u + 82. What are the prime factors of o(-26)?
2, 3, 31
Let b(p) = 3*p**2 + 64*p - 22. List the prime factors of b(-29).
3, 5, 43
Suppose -4*l - 3061 = -4*o - 5*l, 3*o + l - 2295 = 0. Let w = o - 475. What are the prime factors of w?
3, 97
Suppose -u - 3 = -4*h, 0*u - 5*u + 35 = 5*h. Let a(p) = 21*p + 4. What are the prime factors of a(u)?
109
Suppose -9*o + 8*o + 437 = 0. What are the prime factors of o?
19, 23
Let q be (-5*3)/(-5 + 42/12). Let l(m) = 2*m**3 - 17*m**2 - 20*m + 4. List the prime factors of l(q).
2, 13
Let z(i) = 3*i**2 - 9*i - 30. Suppose -7*t + 10*t + 9 = 0. Let p(o) = -2*o**2 + 4*o + 15. Let w(x) = t*z(x) - 5*p(x). List the prime factors of w(-11).
59
Let o(a) = a**3 - 5*a**2 - a - 5. Let j be o(5). Let t = 23 + j. List the prime factors of t.
13
Let j(n) = 2*n**2 + 5*n + 4. Let x be j(-3). Suppose -3 = -v, -x*v + 680 = -5*s - 2*v. What are the prime factors of s/(-7) + (0 - 0)?
19
Let j(r) = r**2 + 34*r - 335. What are the prime factors of j(11)?
2, 5
Let b(k) = -7*k**2 - 49*k + 9. What are the prime factors of b(-6)?
3, 17
Suppose -6*j + 23 = -1. Suppose 3*s = -j*p + 355, -123 = s - 2*s + p. What are the prime factors of s?
11
List the prime factors of ((-5159)/(-22))/(-1*1/(-6)).
3, 7, 67
Suppose -5*x = -4*l + 33, l = -2*l - 4*x - 14. Suppose l*r = -3*r + 75. What are the prime factors of r?
3, 5
Let q = -988 + 984. Let p(u) = u**2 + 6*u + 5. Let y be p(-7). What are the prime factors of 687/y + 1/q?
3, 19
Let c(l) = l**3 - 27*l**2 + 19*l + 26. List the prime factors of c(27).
7, 11
Let b be (-1 - -3 - -4)*-1. Let s be (-4)/(-8) + 15/b. What are the prime factors of s/2 + -4 + 26?
3, 7
Let w = 344 - -382. List the prime factors of w.
2, 3, 11
What are the prime factors of (-5)/3 - (-2 + (-28884)/18)?
3, 5, 107
Suppos